{"id":90,"date":"2016-05-16T11:35:18","date_gmt":"2016-05-16T11:35:18","guid":{"rendered":"http:\/\/demo2.woothemes.com\/woocommerce\/?post_type=product&#038;p=90"},"modified":"2024-12-08T16:33:57","modified_gmt":"2024-12-08T16:33:57","slug":"bo-nu-do-dai-thu-dong-thoi-trang","status":"publish","type":"product","link":"https:\/\/8275.matbao.website\/index.php\/product\/bo-nu-do-dai-thu-dong-thoi-trang\/","title":{"rendered":"B\u1ed9 n\u1eef \u0111\u1ed3 d\u00e0i thu \u0111\u00f4ng th\u1eddi trang"},"content":{"rendered":"<h3><strong>Ch\u1ea5t Li\u1ec7u M\u1ec1m M\u1ea1i, Gi\u1eef Nhi\u1ec7t T\u1ed1t<\/strong><\/h3>\n<p>B\u1ed9 \u0111\u1ed3 th\u01b0\u1eddng \u0111\u01b0\u1ee3c l\u00e0m t\u1eeb c\u00e1c ch\u1ea5t li\u1ec7u nh\u01b0 len, n\u1ec9, ho\u1eb7c cotton pha, mang l\u1ea1i c\u1ea3m gi\u00e1c \u1ea5m \u00e1p nh\u01b0ng v\u1eabn tho\u00e1ng kh\u00ed. Ch\u1ea5t li\u1ec7u m\u1ec1m m\u1ea1i gi\u00fap b\u1ea1n tho\u1ea3i m\u00e1i trong m\u1ecdi ho\u1ea1t \u0111\u1ed9ng h\u00e0ng ng\u00e0y m\u00e0 kh\u00f4ng lo b\u1ecb b\u00ed b\u00e1ch. \u0110\u1eb7c bi\u1ec7t, c\u00e1c ch\u1ea5t li\u1ec7u n\u00e0y c\u00f3 kh\u1ea3 n\u0103ng gi\u1eef d\u00e1ng v\u00e0 b\u1ec1n m\u00e0u, th\u00edch h\u1ee3p cho nh\u1eefng ng\u00e0y \u0111\u00f4ng l\u1ea1nh gi\u00e1.<\/p>\n<h3><strong>D\u1ec5 D\u00e0ng Ph\u1ed1i \u0110\u1ed3 v\u00e0 Ph\u00f9 H\u1ee3p Nhi\u1ec1u D\u1ecbp<\/strong><\/h3>\n<p>B\u1ea1n c\u00f3 th\u1ec3 m\u1eb7c b\u1ed9 \u0111\u1ed3 d\u00e0i thu \u0111\u00f4ng n\u00e0y \u0111\u1ec3 \u0111i d\u1ea1o ph\u1ed1, \u0111i l\u00e0m ho\u1eb7c \u1edf nh\u00e0, \u0111\u1ec1u r\u1ea5t ph\u00f9 h\u1ee3p. Ch\u1ec9 c\u1ea7n th\u00eam m\u1ed9t chi\u1ebfc \u00e1o kho\u00e1c d\u00e1ng d\u00e0i, kh\u0103n qu\u00e0ng c\u1ed5, v\u00e0 m\u1ed9t \u0111\u00f4i boots c\u1ed5 ng\u1eafn, b\u1ea1n \u0111\u00e3 c\u00f3 ngay m\u1ed9t set \u0111\u1ed3 v\u1eeba th\u1eddi trang v\u1eeba gi\u1eef \u1ea5m hi\u1ec7u qu\u1ea3. N\u1ebfu mu\u1ed1n t\u1ea1o th\u00eam \u0111i\u1ec3m nh\u1ea5n, h\u00e3y k\u1ebft h\u1ee3p c\u00f9ng t\u00fai x\u00e1ch nh\u1ecf ho\u1eb7c m\u0169 len.<\/p>\n<h3><strong>S\u1ef1 L\u1ef1a Ch\u1ecdn Ho\u00e0n H\u1ea3o Cho M\u00f9a Thu \u0110\u00f4ng<\/strong><\/h3>\n<p>V\u1edbi t\u00ednh \u0111a n\u0103ng, tho\u1ea3i m\u00e1i v\u00e0 phong c\u00e1ch, b\u1ed9 n\u1eef \u0111\u1ed3 d\u00e0i thu \u0111\u00f4ng th\u1eddi trang l\u00e0 m\u00f3n \u0111\u1ed3 kh\u00f4ng th\u1ec3 thi\u1ebfu trong t\u1ee7 qu\u1ea7n \u00e1o c\u1ee7a b\u1ea1n. H\u00e3y l\u1ef1a ch\u1ecdn ngay \u0111\u1ec3 t\u1ef1 tin t\u1ecfa s\u00e1ng trong nh\u1eefng ng\u00e0y \u0111\u00f4ng l\u1ea1nh!<\/p>\n","protected":false},"excerpt":{"rendered":"<p>B\u1ed9 \u0111\u1ed3 d\u00e0i n\u1eef thu \u0111\u00f4ng kh\u00f4ng ch\u1ec9 gi\u1eef \u1ea5m c\u01a1 th\u1ec3 m\u00e0 c\u00f2n gi\u00fap b\u1ea1n tr\u1edf n\u00ean phong c\u00e1ch h\u01a1n trong nh\u1eefng ng\u00e0y se l\u1ea1nh. V\u1edbi thi\u1ebft k\u1ebf tinh t\u1ebf, th\u01b0\u1eddng bao g\u1ed3m \u00e1o d\u00e0i tay k\u1ebft h\u1ee3p c\u00f9ng qu\u1ea7n d\u00e0i v\u1eeba v\u1eb7n, b\u1ed9 trang ph\u1ee5c mang l\u1ea1i s\u1ef1 thanh l\u1ecbch v\u00e0 nh\u1eb9 nh\u00e0ng. Nh\u1eefng chi ti\u1ebft nh\u01b0 c\u1ed5 \u00e1o tr\u00f2n, c\u1ed5 l\u1ecd hay h\u1ecda ti\u1ebft th\u00eau nh\u1eb9 nh\u00e0ng tr\u00ean v\u1ea3i c\u00e0ng l\u00e0m t\u0103ng th\u00eam n\u00e9t n\u1eef t\u00ednh v\u00e0 sang tr\u1ecdng.<\/p>\n","protected":false},"featured_media":2200,"comment_status":"open","ping_status":"closed","template":"","meta":[],"product_cat":[49,34,50],"product_tag":[51,27,29],"class_list":{"0":"post-90","1":"product","2":"type-product","3":"status-publish","4":"has-post-thumbnail","6":"product_cat-mat-kinh","7":"product_cat-quan-ao","8":"product_cat-women","9":"product_tag-nu","10":"product_tag-phu-kien","11":"product_tag-tui-xach","12":"yith_product_brand-big-c","13":"yith_product_brand-cow","14":"yith_product_brand-kfc","17":"instock","18":"downloadable","19":"shipping-taxable","20":"purchasable","21":"product-type-simple"},"_links":{"self":[{"href":"https:\/\/8275.matbao.website\/index.php\/wp-json\/wp\/v2\/product\/90"}],"collection":[{"href":"https:\/\/8275.matbao.website\/index.php\/wp-json\/wp\/v2\/product"}],"about":[{"href":"https:\/\/8275.matbao.website\/index.php\/wp-json\/wp\/v2\/types\/product"}],"replies":[{"embeddable":true,"href":"https:\/\/8275.matbao.website\/index.php\/wp-json\/wp\/v2\/comments?post=90"}],"wp:featuredmedia":[{"embeddable":true,"href":"https:\/\/8275.matbao.website\/index.php\/wp-json\/wp\/v2\/media\/2200"}],"wp:attachment":[{"href":"https:\/\/8275.matbao.website\/index.php\/wp-json\/wp\/v2\/media?parent=90"}],"wp:term":[{"taxonomy":"product_cat","embeddable":true,"href":"https:\/\/8275.matbao.website\/index.php\/wp-json\/wp\/v2\/product_cat?post=90"},{"taxonomy":"product_tag","embeddable":true,"href":"https:\/\/8275.matbao.website\/index.php\/wp-json\/wp\/v2\/product_tag?post=90"}],"curies":[{"name":"wp","href":"https:\/\/api.w.org\/{rel}","templated":true}]}}